02022
In base 8, what is -1 + 3252?
3251
In base 3, what is 11 + -1020?
-1002
In base 2, what is -10 - 1011001?
-1011011
In base 4, what is 1 + 21?
22
In base 10, what is 11 + 27?
38
In base 12, what is 69 + 25?
92
In base 13, what is 2067 + -1?
2066
In base 12, what is 4337 + 4?
433b
In base 4, what is -30232 + -11?
-30303
In base 15, what is -13 - -1?
-12
In base 14, what is -16c - 3?
-171
In base 8, what is 253 - -111?
364
In base 15, what is -1d9 + 3?
-1d6
In base 12, what is -12 - -55?
43
In base 16, what is -2a + -143?
-16d
In base 14, what is 223 - -5?
228
In base 6, what is -5 + 13504?
13455
In base 14, what is -c - -5?
-7
In base 12, what is 2 - 57?
-55
In base 11, what is -91 + -7?
-98
In base 3, what is 21102211 + 11?
21102222
In base 6, what is 2130 + -1?
2125
In base 6, what is 5 + 50521?
50530
In base 14, what is -a1 + 15?
-8a
In base 5, what is 1440 + 10?
2000
In base 7, what is 65145 + -2?
65143
In base 15, what is -8 + aee?
ae6
In base 15, what is -19d7 + -4?
-19db
In base 4, what is 101 + -20?
21
In base 4, what is 3030 + 30?
3120
In base 8, what is 12 - 207?
-175
In base 16, what is 1 - 0?
1
In base 9, what is -3 + -78?
-82
In base 6, what is -1 - 350?
-351
In base 16, what is c3 - 4?
bf
In base 3, what is -10 - -112?
102
In base 11, what is 5 + -136?
-131
In base 16, what is ff + -2?
fd
In base 10, what is 6 + 5?
11
In base 10, what is -5 + -33?
-38
In base 2, what is -11001 + 100000010?
11101001
In base 3, what is -1010 + 21?
-212
In base 9, what is -3 + -48?
-52
In base 14, what is 7 - d8?
-d1
In base 4, what is 331 + -113?
212
In base 9, what is 11 + 2301?
2312
In base 14, what is -c0 - -8?
-b6
In base 5, what is -3 + 140?
132
In base 3, what is -1010 - 221?
-2001
In base 6, what is 255 - -4?
303
In base 4, what is 12001 - 0?
12001
In base 9, what is 2 - 226?
-224
In base 6, what is -3 - 11?
-14
In base 11, what is -21 + -68?
-89
In base 12, what is b - 53?
-44
In base 11, what is 9 + 570?
579
In base 9, what is -6677 - -4?
-6673
In base 4, what is 103 - -13331?
20100
In base 4, what is 211130 - -21?
211211
In base 15, what is -8 - -62?
59
In base 13, what is 3414 + -4?
3410
In base 2, what is 10001 + -10001?
0
In base 16, what is -4 - -628?
624
In base 5, what is 21 + -23?
-2
In base 5, what is -3 + 4324?
4321
In base 13, what is -1b + 1a?
-1
In base 15, what is -14 - -3?
-11
In base 16, what is -1 + -f8?
-f9
In base 6, what is 21 + 14?
35
In base 5, what is -111 - 11?
-122
In base 5, what is 342 - -12?
404
In base 5, what is -3 - -1444?
1441
In base 9, what is 2 + -81?
-78
In base 8, what is 317 + 0?
317
In base 11, what is -88 - -9?
-7a
In base 9, what is 1 + 33?
34
In base 15, what is -2 + 7d2?
7d0
In base 5, what is 3 - -1?
4
In base 11, what is -5 + -a?
-14
In base 5, what is -1 + -2414?
-2420
In base 3, what is -1120 - 12210?
-21100
In base 8, what is -45 - 17?
-64
In base 14, what is -270 + 0?
-270
In base 9, what is -176 - 0?
-176
In base 11, what is -114 - -3?
-111
In base 16, what is -3 - 1c?
-1f
In base 4, what is 2 + -2033?
-2031
In base 10, what is 14902 + 0?
14902
In base 8, what is 30 - 13?
15
In base 14, what is -3 + 7c?
79
In base 5, what is 2 - 324?
-322
In base 8, what is 16 + 101?
117
In base 2, what is -100 - 11111111110?
-100000000010
In base 7, what is 4 + 12?
16
In base 16, what is 242 - -3?
245
In base 15, what is -5 - 82?
-87
In base 4, what is -11 + 0?
-11
In base 2, what is 11000100001 - 10?
11000011111
In base 4, what is 1332 - 1?
1331
In base 11, what is 262 - -59?
310
In base 9, what is 1 + -1654?
-1653
In base 10, what is 0 - -2258?
2258
In base 3, what is 100010 + -102?
22201
In base 7, what is -2 - 1311?
-1313
In base 12, what is 3 + a?
11
In base 7, what is -1 - -626?
625
In base 2, what is 100 + -101110011?
-101101111
In base 6, what is 10 + -53?
-43
In base 3, what is -101212222 + 2?
-101212220
In base 13, what is 2 + -40?
-3b
In base 2, what is 100110001 - 10?
100101111
In base 5, what is 22 + -41?
-14
In base 14, what is -2 + 39a?
398
In base 10, what is 1 - 31?
-30
In base 15, what is 1 - 124?
-123
In base 5, what is 42 - -100?
142
In base 2, what is 111001110 - -1?
111001111
In base 13, what is -1c - -7?
-15
In base 9, what is -38 - 1?
-40
In base 3, what is 111012 - 11?
111001
In base 12, what is -3 + 19?
16
In base 4, what is -203 + 2303?
2100
In base 10, what is -24 + 486?
462
In base 14, what is -19 + 0?
-19
In base 15, what is 1d3 - 4?
1ce
In base 10, what is -448 - 0?
-448
In base 5, what is -1 - -30021?
30020
In base 9, what is -15 + -162?
-177
In base 2, what is -101 + -1111001101110?
-1111001110011
In base 11, what is -1 + -110a?
-1110
In base 13, what is 3 + -a3?
-a0
In base 10, what is -425 + -1?
-426
In base 3, what is 1010 - 10001?
-1221
In base 8, what is 5 + -1350?
-1343
In base 2, what is -100001000 + 1?
-100000111
In base 13, what is -25ab - -5?
-25a6
In base 13, what is 5 - -44?
49
In base 4, what is -1022 + 3?
-1013
In base 5, what is 1413 - 4?
1404
In base 5, what is 4 - 220?
-211
In base 14, what is -3b + -24?
-61
In base 6, what is 223 + -11?
212
In base 7, what is 1 - 435?
-434
In base 11, what is 3733 + -3?
3730
In base 13, what is -164 - 2?
-166
In base 9, what is -46 + -4?
-51
In base 10, what is -1563 - 1?
-1564
In base 15, what is -5db - 0?
-5db
In base 16, what is -1d1 - 5?
-1d6
In base 7, what is 106630 - 0?
106630
In base 8, what is 2606 + 1?
2607
In base 2, what is 0 + 1111010?
1111010
In base 6, what is 111 - 123?
-12
In base 4, what is 3 - 2203?
-2200
In base 12, what is 3 - 398?
-395
In base 9, what is 27 + -260?
-232
In base 9, what is -7 + 7114?
7106
In base 15, what is -11 - -2a?
19
In base 11, what is -40 - 2?
-42
In base 11, what is -4 + 14?
10
In base 9, what is -4 - -31?
26
In base 8, what is -4 + 2570?
2564
In base 10, what is -1923 + 2?
-1921
In base 8, what is 2 + 3667?
3671
In base 13, what is 6 + -241?
-238
In base 11, what is 3 + 318?
320
In base 4, what is 10 - -32011?
32021
In base 14, what is -4 + -887?
-88b
In base 3, what is 1210 - -2011?
10221
In base 4, what is -11232 - -10?
-11222
In base 11, what is 2 + 304?
306
In base 5, what is -12 + -33?
-100
In base 15, what is 3 + -48?
-45
In base 2, what is 111 + -1001110?
-1000111
In base 3, what is 12 - -112?
201
In base 5, what is 13 - -110?
123
In base 15, what is -3 + -8?
-b
In base 2, what is -1011000000 + 1?
-1010111111
In base 9, what is -23 - 11?
-34
In base 8, what is 12 + -520?
-506
In base 5, what is 1 + -22420?
-22414
In base 2, what is -1001111 + 10101?
-111010
In base 2, what is -100 + 11111?
11011
In base 6, what is -200 - 4?
-204
In base 8, what is -17 - -3?
-14
In base 7, what is -36 - 14?
-53
In base 9, what is 0 + -16?
-16
In base 12, what is -75 - 0?
-75
In base 7, what is -510 + -4?
-514
In base 14, what is 0 - 318?
-318
In base 5, what is -10 - 1?
-11
In base 2, what is -1010100110 + 100?
-1010100010
In base 3, what is -21210010 - 11?
-21210021
In base 9, what is -27 - -11?
-16
In base 13, what is 82 - -19?
9b
In base 2, what is -11110 - -11111?
1
In base 14, what is -2db7 - -5?
-2db2
In base 16, what is 15 - -5?
1a
In base 7, what is -2 + -44?
-46
In base 7, what is -4 + -64?
-101
In base 12, what is -2a + 335?
307
In base 16, what is -13d - 2?
-13f
In base 2, what is -100011 + -1111100?
-10011111
In base 13, what is -3 - 470?
-473
In base 11, what is -1a8 + 4?
-1a4
In base 7, what is 12 - 2143?
-2131
In base 13, what is 54 - 5?
4c
In base 2, what is 110101 - -10011110?
11010011
In base 12, what is 7 - -16?
21
In base 3, what is 11 - -110122?
110210
In base 11, what is 0 + -2150?
-2150
In base 13, what is 435 - -3?
438
In base 4, what is 1 + 312?
313
In base 6, what is -125 - 150?
-315
In base 8, what is -765 + -5?
-772
In base 8, what is -2 + -165?
-167
In base 15, what is -5 + 21?
1b
In base 10, what is 21 - -216?
237
In base 13, what is 2b6 - -4?
2ba
In base 13, what is -21 + -8?
-29
In base 16, what is 7 - -11f?
126
In base 16, what is -4258 + -4?
-425c
In base 8, what is -25 + 141?
114
In base 3, what is 12 + -222210?
-222121
In base 12, what is -6 - 6b?
-75
In base 7, what is 2 + 322?
324
In base 10, what is 23 - 22?
1
In base 11, what is -2a2 + -5?
-2a7
In base 16, what is -cb - a?
-d5
In base 5, what is -3 + 110001?
104443
In base 13, what is 246 